 the prime factors of 410045876.
2, 102511469
List the prime factors of 152100357.
3, 23, 2204353
List the prime factors of 1476832400.
2, 5, 3692081
What are the prime factors of 7423869?
3, 53, 46691
What are the prime factors of 88179965?
5, 31, 568903
List the prime factors of 199086485.
5, 13, 71, 179, 241
What are the prime factors of 2684381538?
2, 3, 1237, 361679
List the prime factors of 1543407824.
2, 7, 23, 599149
List the prime factors of 1072768241.
1072768241
List the prime factors of 840238723.
157, 5351839
What are the prime factors of 141974048?
2, 31, 167, 857
What are the prime factors of 191612882?
2, 17, 73, 77201
List the prime factors of 84773676.
2, 3, 13, 23, 23627
List the prime factors of 1748362825.
5, 11, 23, 79, 3499
What are the prime factors of 4109684065?
5, 821936813
What are the prime factors of 41595638?
2, 7, 23, 101, 1279
List the prime factors of 1199416568.
2, 7, 29, 37, 19961
What are the prime factors of 1917399590?
2, 5, 103, 881, 2113
What are the prime factors of 4381839570?
2, 3, 5, 421, 346939
What are the prime factors of 701423230?
2, 5, 17, 163, 1489
What are the prime factors of 54363949?
54363949
What are the prime factors of 115096783?
17, 491, 13789
List the prime factors of 485441394.
2, 3, 41, 1973339
What are the prime factors of 665191642?
2, 332595821
List the prime factors of 433410227.
641, 676147
List the prime factors of 52414777.
52414777
What are the prime factors of 33081697?
11, 1031, 2917
List the prime factors of 144154272.
2, 3, 1501607
What are the prime factors of 70795124?
2, 4079, 4339
List the prime factors of 1282478033.
35201, 36433
List the prime factors of 1217114160.
2, 3, 5, 19, 89, 2999
List the prime factors of 3019932417.
3, 1006644139
What are the prime factors of 14980965?
3, 5, 29, 34439
What are the prime factors of 102115382?
2, 51057691
What are the prime factors of 90028657?
90028657
List the prime factors of 53608479.
3, 71, 389, 647
What are the prime factors of 4669696?
2, 17, 29, 37
What are the prime factors of 3457566?
2, 3, 7, 3049
List the prime factors of 1601513977.
7, 5659, 40429
What are the prime factors of 2556656120?
2, 5, 547, 116849
What are the prime factors of 3956773878?
2, 3, 179, 863, 1423
What are the prime factors of 2199764896?
2, 7, 23, 426973
List the prime factors of 30213660.
2, 3, 5, 83, 6067
What are the prime factors of 85388652?
2, 3, 373, 6359
What are the prime factors of 116682687?
3, 11, 130957
List the prime factors of 30248442.
2, 3, 7, 431, 557
List the prime factors of 140764865.
5, 28152973
List the prime factors of 29031541.
7, 11, 101, 3733
List the prime factors of 3056192517.
3, 7, 9041, 16097
What are the prime factors of 974995983?
3, 13, 137, 4679
What are the prime factors of 65816113?
11, 5983283
List the prime factors of 82395488.
2, 7, 89, 4133
List the prime factors of 117828927.
3, 2393, 5471
What are the prime factors of 4804136601?
3, 11, 43, 3385579
List the prime factors of 77176723.
13, 313, 1459
List the prime factors of 130789888.
2, 467, 547
List the prime factors of 1018339094.
2, 509169547
List the prime factors of 2312862137.
617, 3748561
What are the prime factors of 1060078606?
2, 59, 173, 51929
List the prime factors of 68326376.
2, 23, 371339
What are the prime factors of 4886815315?
5, 941, 1038643
What are the prime factors of 1260958179?
3, 13, 2487097
What are the prime factors of 832910856?
2, 3, 29, 109, 10979
List the prime factors of 1554610808.
2, 194326351
What are the prime factors of 80177668?
2, 37, 61, 83, 107
List the prime factors of 5859071100.
2, 3, 5, 6510079
List the prime factors of 7319032.
2, 7, 18671
What are the prime factors of 186723022?
2, 93361511
List the prime factors of 194820770.
2, 5, 983, 19819
What are the prime factors of 80388440?
2, 5, 11, 182701
List the prime factors of 563439842.
2, 7, 73, 551311
List the prime factors of 201572204.
2, 4759, 10589
List the prime factors of 977644012.
2, 19, 12863737
List the prime factors of 804876139.
811, 992449
What are the prime factors of 22576188?
2, 3, 1881349
List the prime factors of 81740518.
2, 193, 421, 503
List the prime factors of 21395963.
21395963
What are the prime factors of 543070936?
2, 29, 2340823
List the prime factors of 66299069.
66299069
What are the prime factors of 3985351132?
2, 7, 142333969
List the prime factors of 1402891496.
2, 3137, 55901
What are the prime factors of 2184186197?
17, 128481541
What are the prime factors of 515626306?
2, 13, 89, 443, 503
List the prime factors of 76102793.
13, 101, 149, 389
List the prime factors of 3905874279.
3, 263, 1650137
What are the prime factors of 74901918?
2, 3, 7, 13, 137183
What are the prime factors of 39652629?
3, 13217543
What are the prime factors of 3590423370?
2, 3, 5, 39893593
List the prime factors of 681558907.
37, 67, 211, 1303
What are the prime factors of 43384756?
2, 503, 21563
List the prime factors of 400191465.
3, 5, 26679431
What are the prime factors of 118820240?
2, 5, 7, 11, 19289
List the prime factors of 2292517220.
2, 5, 7, 16375123
What are the prime factors of 69258261?
3, 23086087
What are the prime factors of 26491482?
2, 3, 37, 13259
List the prime factors of 25589197.
47, 544451
List the prime factors of 78923793.
3, 13, 269, 7523
What are the prime factors of 205513348?
2, 19, 193, 14011
What are the prime factors of 212725344?
2, 3, 13, 23, 7411
What are the prime factors of 164524449?
3, 179, 306377
What are the prime factors of 1846097952?
2, 3, 83, 443, 523
What are the prime factors of 323598291?
3, 19, 5677163
List the prime factors of 2800130129.
17, 67, 2458411
List the prime factors of 333830266.
2, 7, 11, 19, 271, 421
What are the prime factors of 143415401?
19, 89, 84811
List the prime factors of 4253963559.
3, 83, 149, 114659
List the prime factors of 59595541.
59595541
What are the prime factors of 1459418175?
3, 5, 977, 2213
List the prime factors of 1440206245.
5, 71, 4056919
What are the prime factors of 1982439706?
2, 13, 71, 1073911
List the prime factors of 378240333.
3, 1979, 63709
What are the prime factors of 1090870120?
2, 5, 1217, 22409
What are the prime factors of 23812486?
2, 11906243
List the prime factors of 80364450.
2, 3, 5, 61, 8783
What are the prime factors of 1408629227?
23, 233, 262853
List the prime factors of 109836482.
2, 7, 7845463
What are the prime factors of 2554771681?
7, 11, 33178853
List the prime factors of 4971926908.
2, 13, 1741, 54919
What are the prime factors of 1346459167?
1346459167
What are the prime factors of 64944407?
11, 937, 6301
What are the prime factors of 60277488?
2, 3, 67, 18743
What are the prime factors of 652517812?
2, 131, 523, 2381
List the prime factors of 880440100.
2, 5, 2297, 3833
List the prime factors of 3261351943.
673, 4845991
What are the prime factors of 651967754?
2, 67, 4865431
What are the prime factors of 409128826?
2, 204564413
List the prime factors of 133723485.
3, 5, 7, 424519
What are the prime factors of 219058180?
2, 5, 11, 995719
List the prime factors of 579126867.
3, 11, 23, 763013
What are the prime factors of 61805583?
3, 7, 29, 33829
What are the prime factors of 2477336468?
2, 43, 73, 191, 1033
What are the prime factors of 4483799039?
109, 149, 276079
List the prime factors of 572525949.
3, 17, 31, 83, 4363
List the prime factors of 42369824.
2, 7, 189151
List the prime factors of 163298206.
2, 23, 199, 17839
List the prime factors of 86787460.
2, 5, 89, 48757
List the prime factors of 1080756749.
59, 149, 122939
List the prime factors of 6648859747.
47, 141465101
List the prime factors of 6909334.
2, 3454667
List the prime factors of 341635752.
2, 3, 983, 1609
List the prime factors of 87573201.
3, 599, 48733
What are the prime factors of 202573658?
2, 7, 173, 83639
List the prime factors of 63155822.
2, 337, 93703
What are the prime factors of 453939218?
2, 43, 401, 13163
List the prime factors of 36935712.
2, 3, 11, 89, 131
List the prime factors of 194628162.
2, 3, 23, 233, 6053
What are the prime factors of 1398291694?
2, 699145847
What are the prime factors of 32336875?
5, 31, 1669
What are the prime factors of 247183508?
2, 11, 13, 432139
List the prime factors of 17176904.
2, 113, 19001
List th